rime number?
True
Let n(j) be the second derivative of 0 + 8*j + 11/3*j**3 + 29/2*j**2. Is n(24) a composite number?
False
Is (2501404/16)/(16/64) a prime number?
True
Let g(i) be the second derivative of 331*i**4/4 + 4*i**3 - 40*i**2 + 33*i. Is g(3) prime?
True
Is 14/(-56)*-2*421438/1 a composite number?
False
Let m = 900 - 4373. Suppose -5*o - 17375 = -3*n, 3*n - 11162 = 4*o + 6212. Let k = n + m. Is k composite?
True
Suppose -3*i + 96935 + 4801 = 0. Suppose -9*c + i = -c. Let d = c - 1378. Is d a composite number?
False
Is (-6)/4 + (-203898450)/(-276) a composite number?
True
Let h(u) = 2295567*u**3 + 3*u**2 + 59*u - 60. Is h(1) a prime number?
True
Is (5 + (-5981100)/8)/(40/(-16)) prime?
True
Let a(g) = 109*g + 119. Let f be a(47). Let h = 13071 - f. Is h a prime number?
True
Let w(l) = -l + 14. Let p be w(18). Let h be (-4)/4 - 4 - -2 - p. Is (2 + h*-165)/(2/(-2)) a composite number?
False
Let o be -5 - (8 + -6 + -2). Suppose -g = -2*x - 23, -9 = 3*g + 5*x - 34. Is (-3)/o + 3111/g + 5 a composite number?
True
Suppose -4*m + 4*p = -413512, 5*p + 282008 = 3*m - 28120. Is m a prime number?
False
Let p(z) = -58*z - 9. Suppose 20 = -3*b + 29. Suppose -4*s = -b*m + 7, 5 = s - m - 2*m. Is p(s) composite?
False
Let w(b) = 64*b**2 - 17*b - 7. Let r(g) = -g**2 + 16*g + 42. Let m be (-9)/27 - ((-110)/6)/1. Let n be r(m). Is w(n) a composite number?
True
Let c(u) = -u**3 - 5*u**2 - 19*u - 14. Let x(w) = -5*w**2 + 7*w - 11. Let t be x(2). Is c(t) a prime number?
False
Suppose -5*i + 6629080 = 5*s, -1838034 = -3*s + i + 2139394. Is s composite?
True
Let s(p) = -136*p - 11. Let c be (1 + (-3)/6)*0. Suppose -x - 4 = c, 2*x - 17 = 5*l - 0*x. Is s(l) a composite number?
True
Let y(p) = -p**3 - 22*p**2 - 43*p + 265. Is y(-58) a composite number?
False
Suppose -3*y = 7*y - 20. Is y/6 - 11/((-99)/31920) prime?
True
Suppose -2*l + 597 + 142 = 3*h, 5*l - 1858 = 3*h. Is l composite?
True
Let w be (-1)/(((-20)/315)/(-4)). Let b = -21 + w. Let h = b + 301. Is h prime?
False
Suppose -18*j + 59*j = 0. Suppose j = c - 5*b - 9656, -3*c + 45641 = -b + 16659. Is c a composite number?
False
Let z be (-20)/6*(-6)/(-5). Let m be 0 - 2*(-5 + 4). Is (-3)/6*(499*z + m) a prime number?
True
Let o(w) be the third derivative of -w**4/24 - 13*w**3/6 + 12*w**2. Let n be o(-16). Is 3*(1/(-5))/(n/(-1315)) composite?
False
Let y(b) = 37*b**3 + 5*b**2 - 8*b + 3. Let i be 6/(-9) - -1*(-8)/(-3). Is y(i) prime?
False
Suppose 9*z = 18*z - 225. Let o(u) = -u**3 + 27*u**2 + 17*u + 25. Let h(c) = c**3 - 26*c**2 - 18*c - 26. Let d(j) = 3*h(j) + 2*o(j). Is d(z) a composite number?
False
Suppose -11 - 3 = -2*z. Suppose -39192 = -4*d + z*d. Is (-1)/3 + (-3)/(18/d) a prime number?
False
Let j = 2142 - 1189. Suppose 0 = 8*h - j - 12527. Is h composite?
True
Let p be (-1*3)/((9 + -4)/(-5)). Suppose -5*h + p*h = -4788. Let f = h + -1243. Is f a prime number?
True
Suppose 5*k = 0, 4*q - 3*q + 17310 = 6*q - 5*k. Let x be (-2)/(-2 - (-12080)/6041). Let p = x - q. Is p composite?
False
Suppose 32*h = 53*h - 417123. Let s = h + -5494. Is s a prime number?
True
Let c(g) = -g**3 + 15*g**2 - 129*g - 169. Is c(-36) a prime number?
True
Suppose 2*i - i - 329 = -3*m, -5*m - 2*i + 548 = 0. Suppose y = -m + 88. Let p = -11 - y. Is p a composite number?
False
Suppose 20293369 - 62155738 = -14*v - 55*v. Is v composite?
True
Let v(b) = -247*b**3 + 17*b**2 + 75*b + 22. Let l(q) = -123*q**3 + 10*q**2 + 38*q + 11. Let f(k) = 5*l(k) - 3*v(k). Is f(6) composite?
False
Let h = 83 - 155. Let c be (-2)/(-6) - 6316*(-6)/h. Let j = 804 + c. Is j prime?
False
Let d = -45 + 47. Let h = -1087 - -1582. Suppose 611 = d*y - h. Is y a composite number?
True
Is ((-31)/(-28) - (-456)/(-532))/((-1)/(-321116)) a composite number?
False
Let i(r) = -502*r - 1. Let a be i(-1). Let w(c) = 2*c**3 - 61*c**2 + 24*c - 26. Let b be w(30). Let v = a + b. Is v a prime number?
False
Let b = 7967 + 14934. Is b a prime number?
True
Suppose j + 30908 = 3*d, 2*d + 9*j = 13*j + 20622. Is d composite?
False
Let r be ((-16)/6)/4*(-84)/8. Suppose 4*s - 96107 = -r*s. Is s a composite number?
False
Let b = 13 - 19. Let o be (52/39)/((-2)/b). Let r(u) = 33*u**2 - u + 3. Is r(o) a prime number?
False
Suppose -8*b + 155966 = -33514. Suppose b + 26561 = 14*c. Is c prime?
False
Suppose 8*o = 3*o + 5*s + 184845, 0 = o + 2*s - 36975. Is o a composite number?
True
Let g(i) = i + 21. Let j be g(-13). Suppose 6*p - j = 52. Let w(b) = 8*b**2 - 10*b + 7. Is w(p) a prime number?
False
Let p = -83 - -83. Let x be 26/(-7) - 60/210. Is p/(-3) - 124/x a composite number?
False
Let a = 49 - 52. Let t be 1/a - 50/(-15). Suppose 5*h + 5*j = 135, 0 = -t*j + 6*j - 12. Is h a composite number?
False
Is (465/60 - 7) + (-54145)/(-4) a composite number?
False
Is (58 + 91587)/(2 - 1) a prime number?
False
Let m(w) = 31 - 25*w**2 - 8*w - 12*w**2 - 17*w**2 - 10*w**3. Is m(-14) a prime number?
False
Suppose 15*g + 790236 = 33*g. Suppose 0 = -k + 4*p + 41477, 4*p - g = -k - 2457. Is k prime?
False
Suppose 162*x - 26264378 + 5616344 = 0. Is x a prime number?
False
Let r(p) = 66*p**3 - 6*p**2 - 60*p + 71. Is r(10) a composite number?
False
Suppose -40*y + 42*y = 14. Suppose -y*p - 77136 = -13*p. Let d = -8723 + p. Is d prime?
True
Is (-2)/(6/9) - 30/(-15) - -18144 composite?
False
Suppose 11*f + 5*q + 61 = 7*f, 4*f - 4*q = -52. Let v be 37 - (2/9 - f/(-63)). Let d = 164 - v. Is d prime?
True
Suppose -7*h + 3037 = -57016. Is h a prime number?
False
Suppose -2*x - 8*x = -30. Let h(f) = 3*f**3 + 2*f**2 - 4*f + 5. Let v be h(x). Let s = v + 859. Is s a composite number?
True
Suppose 0 = 4*m + 18 + 2, -2*j = 3*m + 107. Let y = -43 - j. Suppose y*g - 1212 = 3*x, -6*x + x - 1206 = -3*g. Is g a prime number?
False
Let k = -1587 - -9772. Is k a prime number?
False
Suppose -66*g + 13*g = -351178. Let c = -1485 + g. Is c a composite number?
True
Is ((-153122)/8)/(1 + -8 - 108/(-16)) a prime number?
True
Is (-420)/126*2/4*-622887 a composite number?
True
Let s(d) = 1281*d**3 + 2*d**2 - 5*d + 2. Let n be s(1). Suppose -4*i + 1949 + 1087 = 0. Let v = n - i. Is v a prime number?
True
Let o(h) = h**3 + 80*h**2 + 157*h - 389. Is o(-74) composite?
False
Suppose -2*u = 2, -r - 16 = -5*r + 4*u. Suppose 0 = -r*y - y + 4344. Suppose 0 = -6*k + y + 1356. Is k a prime number?
False
Let o be (6 + 0)*7/21. Suppose 4*b - o*b + 3*t - 81 = 0, 4*t + 192 = 4*b. Is 9/b + 5868/10 prime?
True
Let s = 87651 + 200398. Is s prime?
True
Let i(h) = h**3 + 34*h**2 + 56*h - 22. Let b be i(-20). Suppose 47*f - b = 44*f. Is f prime?
False
Let y(q) be the first derivative of 31*q**2/2 + 14*q - 2. Suppose -49 = -5*p - j, p + 22 = 3*p + j. Is y(p) composite?
False
Let v = 15 - 13. Let h(i) = -58*i**2 + 8*i**3 + 7 + 42*i**v + 7*i - 2*i. Is h(6) a composite number?
True
Let o be 21/(-14)*10/(-3). Suppose 5*d = o*q - 35, 4*d + q = -6 - 22. Is (d - -258)*(1 - 0) a composite number?
False
Let x be (-30)/(-12) + ((-6)/4)/(-3). Suppose d = -x*a + 27, 4*d - 53 = -5*a + 5*d. Suppose 5*v = a, 3*v = 2*y - 15 - 17. Is y composite?
False
Let z = -473 + 3118. Suppose 4404 = 5*q - l, l + l - z = -3*q. Suppose -5*w + 591 = 2*y, -y - 2*w + q = 2*y. Is y prime?
True
Let u = 116 - 114. Is (1174/u)/((-4)/(-4)*1) composite?
False
Let d be ((-2)/(-6))/((-37)/(-36) - 1). Suppose 0 = -4*r + d - 4. Suppose 3*m = s - 334, 0 = r*s - 5*m + m - 658. Is s composite?
True
Suppose 0 = -3*w + 232 + 92. Suppose 0 = -a - m + 411, -a - 4*m = -w - 291. Is a a prime number?
False
Suppose 0 = 4*c - 61 + 45. Is (-79758)/(-36) + 6/c composite?
True
Let g be 2 - 0 - (-10)/5. Suppose q = -g*y + 121, 6*y = -5*q + y + 545. Let d = q - 46. Is d composite?
False
Let q be 12/(-30) - 162203/5. Let f be (-48)/(-60) - q/5. Is (3/12)/(1 + f/(-6492)) a prime number?
True
Is (-9 - -6)*21300740/(-60) prime?
True
Let h = 72 - 66. Suppose 0 = j - 5*r - 273 + 47, 0 = -2*r - h. Let k = j + -20. Is k a composite number?
False
Let h(f) = -5370*f + 11. Let j be (-4)/6*(-46 - -49). Is h(j) a prime number?
False
Let g = 14827 + 8580. Is g a prime number?
False
Let p = 5320 + -23306. Let b = -11099 - p. Is b a composite number?
True
Suppose 9*g = 12*g - 72. Suppose 2*z - g = 4*z. Is z/18*(-2547)/2 composite?
True
Suppose 2*q - b + 14 = 3*b, 2*b = -q + 13. Suppose q*x = -3*j + 24, 4 + 0 = -j + 